s of 115433.
89, 1297
What are the prime factors of 65921?
65921
List the prime factors of 3541.
3541
List the prime factors of 10240.
2, 5
What are the prime factors of 9930?
2, 3, 5, 331
What are the prime factors of 2929?
29, 101
List the prime factors of 48590.
2, 5, 43, 113
What are the prime factors of 6933?
3, 2311
List the prime factors of 6065.
5, 1213
What are the prime factors of 1853?
17, 109
List the prime factors of 3214.
2, 1607
List the prime factors of 2710.
2, 5, 271
What are the prime factors of 20164?
2, 71
What are the prime factors of 18361?
7, 43, 61
List the prime factors of 1090.
2, 5, 109
List the prime factors of 338.
2, 13
What are the prime factors of 485?
5, 97
List the prime factors of 27731.
11, 2521
List the prime factors of 1087.
1087
List the prime factors of 4152.
2, 3, 173
List the prime factors of 4314.
2, 3, 719
What are the prime factors of 673?
673
List the prime factors of 19292.
2, 7, 13, 53
List the prime factors of 6076.
2, 7, 31
List the prime factors of 67624.
2, 79, 107
List the prime factors of 1298.
2, 11, 59
What are the prime factors of 1083?
3, 19
What are the prime factors of 9143?
41, 223
List the prime factors of 181.
181
List the prime factors of 604.
2, 151
What are the prime factors of 1420?
2, 5, 71
What are the prime factors of 2842?
2, 7, 29
What are the prime factors of 151686?
2, 3, 53
List the prime factors of 14655.
3, 5, 977
What are the prime factors of 2634?
2, 3, 439
What are the prime factors of 3198?
2, 3, 13, 41
What are the prime factors of 1883?
7, 269
What are the prime factors of 541?
541
What are the prime factors of 2777?
2777
What are the prime factors of 9445?
5, 1889
List the prime factors of 8402.
2, 4201
List the prime factors of 39947.
43, 929
List the prime factors of 16025.
5, 641
List the prime factors of 3890.
2, 5, 389
List the prime factors of 766.
2, 383
What are the prime factors of 80104?
2, 17, 19, 31
List the prime factors of 1471.
1471
What are the prime factors of 127?
127
What are the prime factors of 74420?
2, 5, 61
What are the prime factors of 42688?
2, 23, 29
List the prime factors of 155952.
2, 3, 19
List the prime factors of 10351.
11, 941
What are the prime factors of 80427?
3, 17, 19, 83
List the prime factors of 1684.
2, 421
What are the prime factors of 504?
2, 3, 7
List the prime factors of 20517.
3, 7, 977
List the prime factors of 1019.
1019
List the prime factors of 2621.
2621
List the prime factors of 54903.
3, 18301
What are the prime factors of 13223?
7, 1889
What are the prime factors of 8431?
8431
List the prime factors of 19343.
23, 29
What are the prime factors of 684?
2, 3, 19
What are the prime factors of 15930?
2, 3, 5, 59
List the prime factors of 7414.
2, 11, 337
List the prime factors of 69080.
2, 5, 11, 157
List the prime factors of 10173.
3, 3391
What are the prime factors of 3884?
2, 971
List the prime factors of 1597.
1597
List the prime factors of 86200.
2, 5, 431
What are the prime factors of 28662?
2, 3, 17, 281
List the prime factors of 2752.
2, 43
What are the prime factors of 2226?
2, 3, 7, 53
List the prime factors of 1135.
5, 227
What are the prime factors of 1187?
1187
List the prime factors of 29239.
7, 4177
What are the prime factors of 38?
2, 19
List the prime factors of 49505.
5, 9901
What are the prime factors of 150899?
7, 21557
List the prime factors of 101682.
2, 3, 7, 269
List the prime factors of 24412.
2, 17, 359
What are the prime factors of 24344?
2, 17, 179
List the prime factors of 2420.
2, 5, 11
What are the prime factors of 18107?
19, 953
What are the prime factors of 1582?
2, 7, 113
What are the prime factors of 1234?
2, 617
What are the prime factors of 156083?
127, 1229
List the prime factors of 235.
5, 47
What are the prime factors of 97566?
2, 3, 7, 23, 101
What are the prime factors of 25061?
19, 1319
What are the prime factors of 31659?
3, 61, 173
What are the prime factors of 45979?
45979
What are the prime factors of 44513?
7, 6359
List the prime factors of 1031.
1031
List the prime factors of 16017.
3, 19, 281
What are the prime factors of 2889?
3, 107
List the prime factors of 11846.
2, 5923
What are the prime factors of 20333?
20333
What are the prime factors of 44628?
2, 3, 3719
List the prime factors of 904.
2, 113
What are the prime factors of 6536?
2, 19, 43
List the prime factors of 13494.
2, 3, 13, 173
List the prime factors of 861.
3, 7, 41
What are the prime factors of 2046?
2, 3, 11, 31
List the prime factors of 39076.
2, 9769
List the prime factors of 12092.
2, 3023
List the prime factors of 56882.
2, 7, 17, 239
List the prime factors of 10173.
3, 3391
What are the prime factors of 346?
2, 173
List the prime factors of 42089.
42089
List the prime factors of 56847.
3, 7, 2707
List the prime factors of 169188.
2, 3, 23, 613
List the prime factors of 109124.
2, 27281
What are the prime factors of 4248?
2, 3, 59
What are the prime factors of 4036?
2, 1009
What are the prime factors of 4124?
2, 1031
List the prime factors of 516.
2, 3, 43
What are the prime factors of 1874?
2, 937
List the prime factors of 917.
7, 131
What are the prime factors of 11503?
11503
What are the prime factors of 634?
2, 317
List the prime factors of 1981.
7, 283
What are the prime factors of 328?
2, 41
What are the prime factors of 67352?
2, 8419
List the prime factors of 3634.
2, 23, 79
What are the prime factors of 2182?
2, 1091
What are the prime factors of 1086?
2, 3, 181
List the prime factors of 978.
2, 3, 163
List the prime factors of 13820.
2, 5, 691
List the prime factors of 2116.
2, 23
List the prime factors of 19586.
2, 7, 1399
What are the prime factors of 489?
3, 163
What are the prime factors of 2564?
2, 641
List the prime factors of 142.
2, 71
What are the prime factors of 21132?
2, 3, 587
List the prime factors of 2654.
2, 1327
List the prime factors of 724.
2, 181
What are the prime factors of 3061?
3061
List the prime factors of 112773.
3, 37591
What are the prime factors of 3127?
53, 59
List the prime factors of 3265.
5, 653
What are the prime factors of 1300?
2, 5, 13
What are the prime factors of 2801?
2801
What are the prime factors of 14979?
3, 4993
What are the prime factors of 168?
2, 3, 7
What are the prime factors of 4941?
3, 61
What are the prime factors of 11226?
2, 3, 1871
What are the prime factors of 28727?
23, 1249
List the prime factors of 12886.
2, 17, 379
List the prime factors of 69447.
3, 7, 3307
List the prime factors of 375.
3, 5
What are the prime factors of 4336?
2, 271
List the prime factors of 660.
2, 3, 5, 11
List the prime factors of 2248.
2, 281
What are the prime factors of 8865?
3, 5, 197
List the prime factors of 847.
7, 11
List the prime factors of 8400.
2, 3, 5, 7
List the prime factors of 607.
607
What are the prime factors of 1662?
2, 3, 277
What are the prime factors of 1566?
2, 3, 29
List the prime factors of 74441.
74441
List the prime factors of 39264.
2, 3, 409
What are the prime factors of 34284?
2, 3, 2857
List the prime factors of 1422.
2, 3, 79
What are the prime factors of 7026?
2, 3, 1171
What are the prime factors of 2695?
5, 7, 11
List the prime factors of 2531.
2531
List the prime factors of 2076.
2, 3, 173
List the prime factors of 3509.
11, 29
What are the prime factors of 66429?
3, 11, 61
List the prime factors of 1187.
1187
List the prime factors of 3540.
2, 3, 5, 59
What are the prime factors of 2933?
7, 419
List the prime factors of 2025.
3, 5
What are the prime factors of 4625?
5, 37
List the prime factors of 592.
2, 37
What are the prime factors of 1201?
1201
What are the prime factors of 1606?
2, 11, 73
List the prime factors of 43614.
2, 3, 2423
What are the prime factors of 31905?
3, 5, 709
List the prime factors of 1943.
29, 67
List the prime factors of 1271.
31, 41
What are the prime factors of 21156?
2, 3, 41, 43
What are the prime factors of 26740?
2, 5, 7, 191
What are the prime factors of 75?
3, 5
List the prime factors of 837.
3, 31
List the prime factors of 21942.
2, 3, 23, 53
List the prime factors of 4609.
11, 419
List the prime factors of 7207.
7207
List the prime factors of 6885.
3, 5, 17
What are the prime factors of 1455?
3, 5, 97
What are the prime factors of 1918?
2, 7, 137
What are the prime facto